{"id":1444,"date":"2022-04-03T11:13:40","date_gmt":"2022-04-03T11:13:40","guid":{"rendered":"https:\/\/certus-autoservice.de\/?page_id=1444"},"modified":"2022-04-03T11:23:25","modified_gmt":"2022-04-03T11:23:25","slug":"impressum","status":"publish","type":"page","link":"https:\/\/certus-autoservice.de\/?page_id=1444","title":{"rendered":"Impressum"},"content":{"rendered":"<p>[vc_row][vc_column][vc_column_text]<\/p>\n\n<h2>Impressum<\/h2>\n<p>&nbsp;<\/p>\n<p>Certus Autoservice<br \/>Firmeninhaber: Rafe Seyed<br \/>Hans Sachs Strasse 98A<br \/>65428 R\u00fcsselsheim<\/p>\n\n<p>Tel.: 06142\/8863220<br \/>Fax: 06142\/8863221<br \/>E-Mail: info@certus-autoservice.de<\/p>\n\n<p>USt-Ident.-Nr. gem. \u00a7 27a UStG: DE310075928<\/p>\n\n<p>Verbraucherinformation gem. Art. 14 Abs. 1 der Verordnung (EU) Nr. 542\/2013:<\/p>\n\n<p>Im Rahmen der Verordnung \u00fcber Online-Streitbeilegung in Verbraucherangelegenheiten steht Ihnen unter http:\/\/ec.europa.eu\/consumers\/odr\/ eine Online-Streitbeilegungsplattform der EU-Kommission zur Verf\u00fcgung.<\/p>\n\n<p>Hinweis gem\u00e4\u00df \u00a7 36 Verbraucherstreitbeilegungsgesetz (VSBG)<\/p>\n\n<p>Unsere Firma wird nicht an einem Streitbeilegungsverfahren vor einer Verbraucherschlichtungsstelle im Sinne des VSBG teilnehmen und ist hierzu auch nicht verpflichtet.<\/p>\n\n<p>Als Meisterbetrieb der Kfz-Innung bieten wir alternativ die Teilnahme an einem Verfahren vor einer branchenspezifischen Kfz-Schiedsstelle an. Die f\u00fcr uns zust\u00e4ndige Kfz-Schiedsstelle erreichen Sie unter:<\/p>\n\n<p>Schiedsstelle des Kfz-Gewerbes Hessen<\/p>\n\n<p>Heerstrasse 149, 60488 Frankfurt<\/p>\n\n<p>Tel.: 069\/76 32 54<\/p>\n\n<p>Fax: 069\/ 76 49 73<\/p>\n\n<p>E-Mail: info@schiedsstelle-hessen.de<\/p>\n\n<p>Weitere Informationen zu den Kfz-Schiedsstellen, insbesondere zu Verfahren und Voraussetzungen zum Zugang k\u00f6nnen auch der Internetseite ww.kfz-schiedsstelle.de entnommen werden.<\/p>\n\n<p>Versicherungsvermittlerregister (www.vermittlerregister.info):<\/p>\n\n<p>Register-Nr. 12345<\/p>\n\n<p>Erlaubnisbefreiung nach \u00a7 34 d Abs. 3 GewO, erteilt durch IHK Autoland, Postfach 2222, 66666 Autostadt.<\/p>\n\n<p>&nbsp;<\/p>\n<p>[\/vc_column_text][\/vc_column][\/vc_row]<\/p>\n","protected":false},"excerpt":{"rendered":"<p>[vc_row][vc_column][vc_column_text] Impressum &nbsp; USt-Ident.-Nr. gem. \u00a7 27a UStG: DE310075928 Verbraucherinformation gem. Art. 14 Abs. 1 der Verordnung (EU) Nr. 542\/2013: Im Rahmen der Verordnung \u00fcber Online-Streitbeilegung in Verbraucherangelegenheiten steht Ihnen unter http:\/\/ec.europa.eu\/consumers\/odr\/ eine Online-Streitbeilegungsplattform der EU-Kommission zur Verf\u00fcgung. Hinweis gem\u00e4\u00df \u00a7 36 Verbraucherstreitbeilegungsgesetz (VSBG) Unsere Firma wird nicht an einem Streitbeilegungsverfahren vor einer Verbraucherschlichtungsstelle im [&hellip;]<\/p>\n","protected":false},"author":1,"featured_media":0,"parent":0,"menu_order":0,"comment_status":"closed","ping_status":"closed","template":"","meta":{"footnotes":""},"class_list":["post-1444","page","type-page","status-publish","hentry"],"_links":{"self":[{"href":"https:\/\/certus-autoservice.de\/index.php?rest_route=\/wp\/v2\/pages\/1444","targetHints":{"allow":["GET"]}}],"collection":[{"href":"https:\/\/certus-autoservice.de\/index.php?rest_route=\/wp\/v2\/pages"}],"about":[{"href":"https:\/\/certus-autoservice.de\/index.php?rest_route=\/wp\/v2\/types\/page"}],"author":[{"embeddable":true,"href":"https:\/\/certus-autoservice.de\/index.php?rest_route=\/wp\/v2\/users\/1"}],"replies":[{"embeddable":true,"href":"https:\/\/certus-autoservice.de\/index.php?rest_route=%2Fwp%2Fv2%2Fcomments&post=1444"}],"version-history":[{"count":3,"href":"https:\/\/certus-autoservice.de\/index.php?rest_route=\/wp\/v2\/pages\/1444\/revisions"}],"predecessor-version":[{"id":1447,"href":"https:\/\/certus-autoservice.de\/index.php?rest_route=\/wp\/v2\/pages\/1444\/revisions\/1447"}],"wp:attachment":[{"href":"https:\/\/certus-autoservice.de\/index.php?rest_route=%2Fwp%2Fv2%2Fmedia&parent=1444"}],"curies":[{"name":"wp","href":"https:\/\/api.w.org\/{rel}","templated":true}]}}